se 15) to base 10.
513
1883 (base 10) to base 4
131123
-b4b (base 13) to base 3
-2122012
Convert -33131 (base 4) to base 13.
-5b1
Convert 8794 (base 11) to base 12.
6866
Convert 11831 (base 11) to base 10.
16974
Convert 2b76 (base 14) to base 12.
4598
Convert 110000100001 (base 2) to base 14.
11bb
Convert 1071 (base 15) to base 11.
2685
34064 (base 10) to base 15
a15e
Convert 3785 (base 13) to base 4.
1323023
What is -615 (base 9) in base 7?
-1313
Convert 2513 (base 9) to base 5.
30000
Convert -36574 (base 9) to base 4.
-11333101
111000000 (base 2) to base 9
547
What is -114b4 (base 14) in base 6?
-522530
Convert 5066 (base 7) to base 12.
102b
Convert 824 (base 11) to base 5.
12434
What is -3402 (base 6) in base 12?
-562
What is -126b (base 15) in base 7?
-14306
What is 12111 (base 3) in base 12?
104
What is -10044 (base 5) in base 2?
-1010001001
What is 31841 (base 10) in base 12?
16515
10150 (base 6) to base 16
552
Convert 66 (base 8) to base 5.
204
-100111000001 (base 2) to base 3
-10102111
18d98 (base 15) to base 5
10040233
-2171 (base 8) to base 14
-5bb
Convert -183 (base 14) to base 12.
-21b
1120 (base 11) to base 3
2000121
Convert -5013 (base 7) to base 2.
-11010111101
Convert 3618 (base 10) to base 8.
7042
What is 310 (base 8) in base 4?
3020
-6d (base 16) to base 15
-74
-102 (base 8) to base 7
-123
Convert -7e3 (base 15) to base 10.
-1788
What is -103233 (base 4) in base 3?
-1201210
Convert -12723 (base 8) to base 5.
-134322
-7676 (base 9) to base 10
-5658
What is 2546 (base 9) in base 6?
12453
6d2 (base 14) to base 12
954
What is 110011011001101 (base 2) in base 10?
26317
24353 (base 13) to base 15
14a75
Convert 102001 (base 3) to base 13.
19c
What is -4070 (base 10) in base 13?
-1b11
Convert -11d8 (base 14) to base 12.
-198a
3022141 (base 5) to base 14
13909
-12020012 (base 4) to base 7
-133106
Convert -16b5 (base 14) to base 13.
-1b1a
100001110 (base 2) to base 11
226
What is -3672 (base 10) in base 8?
-7130
-1483 (base 13) to base 8
-5644
What is b4 (base 14) in base 8?
236
Convert -11111101111 (base 2) to base 15.
-906
What is 102112012 (base 3) in base 5?
232102
What is -57a (base 16) in base 2?
-10101111010
What is -11000012 (base 3) in base 8?
-5551
1278 (base 9) to base 13
590
Convert -1984d (base 14) to base 8.
-176355
What is 34944 (base 12) in base 3?
10120122221
1022120 (base 3) to base 16
3c0
1100 (base 15) to base 5
103400
-27382 (base 12) to base 10
-54098
Convert 433 (base 8) to base 3.
101111
What is -26447 (base 8) in base 3?
-120212010
Convert -9dfe (base 16) to base 11.
-2842a
2cb (base 16) to base 8
1313
Convert -997 (base 16) to base 12.
-1507
-1c1a4 (base 13) to base 4
-31132330
Convert 1120021 (base 3) to base 2.
10001110101
Convert a806 (base 12) to base 3.
221021220
Convert 5192 (base 10) to base 15.
1812
What is 11104 (base 8) in base 10?
4676
Convert -1985 (base 13) to base 7.
-14105
What is 867 (base 10) in base 2?
1101100011
Convert 17155 (base 8) to base 12.
4611
Convert -211221212 (base 3) to base 9.
-24855
Convert -2158 (base 11) to base 14.
-1074
What is -153400 (base 7) in base 9?
-45174
What is -ac6 (base 16) in base 10?
-2758
123603 (base 7) to base 8
54627
-1a2 (base 15) to base 4
-11321
What is -687 (base 11) in base 12?
-585
What is 2020101 (base 3) in base 16?
65e
What is 5221 (base 9) in base 7?
14104
What is 6620 (base 10) in base 15?
1e65
134 (base 6) to base 8
72
What is -25e3 (base 16) in base 14?
-376b
Convert -1a00 (base 14) to base 11.
-3597
Convert -101000011 (base 2) to base 7.
-641
-1387 (base 10) to base 6
-10231
What is -11000221 (base 3) in base 14?
-1101
Convert -111200 (base 5) to base 15.
-126a
Convert -11812 (base 9) to base 11.
-5a77
What is -5538 (base 13) in base 8?
-27145
10001001010 (base 2) to base 5
13343
Convert 43a (base 11) to base 14.
299
Convert 12 (base 12) to base 15.
e
-202443 (base 5) to base 14
-25b1
Convert -1224023 (base 6) to base 9.
-110076
What is 1000001100 (base 2) in base 7?
1346
Convert 728 (base 10) to base 13.
440
Convert -1456 (base 8) to base 9.
-1104
What is -1031 (base 6) in base 9?
-281
Convert 1241242 (base 5) to base 6.
305432
-2424324 (base 5) to base 4
-23020111
Convert 23255 (base 8) to base 14.
3873
What is 188 (base 10) in base 11?
161
-435 (base 14) to base 16
-33f
1dc (base 16) to base 7
1250
d34 (base 16) to base 7
12566
What is 61462 (base 8) in base 15?
77ce
-1014 (base 10) to base 14
-526
What is 1297 (base 11) in base 2?
11010001111
What is 739 (base 13) in base 5?
14411
What is 3960 (base 15) in base 10?
12240
Convert -1401 (base 7) to base 2.
-1000011100
Convert -4414 (base 10) to base 3.
-20001111
Convert 32141 (base 5) to base 13.
cb0
-42452 (base 7) to base 14
-3b99
What is -605 (base 8) in base 12?
-285
Convert -111121 (base 3) to base 14.
-1c3
-202120212 (base 3) to base 15
-46a8
-54571 (base 8) to base 5
-1213110
-122 (base 7) to base 16
-41
What is 19e (base 16) in base 2?
110011110
Convert -223342 (base 5) to base 11.
-5a98
Convert -2568 (base 9) to base 11.
-14a0
What is a90b (base 12) in base 4?
10202123
Convert -1057 (base 11) to base 5.
-21033
-22177 (base 10) to base 13
-a12c
Convert -1815 (base 9) to base 8.
-2557
Convert 553b (base 16) to base 6.
245003
Convert 15b4 (base 15) to base 4.
1020331
-1150 (base 8) to base 6
-2504
-2525 (base 10) to base 8
-4735
Convert 1665 (base 7) to base 4.
22230
What is 2042 (base 5) in base 14?
156
Convert -6b9 (base 13) to base 3.
-1121012
Convert -430 (base 8) to base 11.
-235
Convert -7aa (base 13) to base 15.
-5d3
What is 52c (base 15) in base 10?
1167
-2011 (base 6) to base 15
-1e4
What is -44232 (base 5) in base 9?
-4177
What is -3049 (base 13) in base 6?
-50444
What is -a4 (base 12) in base 4?
-1330
What is 11313 (base 4) in base 14?
1cb
-36162 (base 7) to base 4
-2102022
-201124 (base 5) to base 14
-24a2
What is -11420 (base 8) in base 4?
-1030100
Convert 20220010 (base 3) to base 2.
1001110100001
What is 11000010011 (base 2) in base 11?
1194
-5351 (base 11) to base 14
-2814
10100011000 (base 2) to base 13
794
What is -121000201 (base 3) in base 4?
-2312203
Convert 241001 (base 6) to base 14.
78c9
-100111020 (base 3) to base 7
-26112
Convert -5423 (base 7) to base 6.
-12532
121210 (base 4) to base 16
664
What is -1a0 (base 16) in base 13?
-260
Convert 5b5 (base 12) to base 9.
1152
What is -378 (base 12) in base 9?
-642
What is -1062 (base 8) in base 3?
-202211
741 (base 13) to base 11
a24
What is -25f (base 16) in base 10?
-607
What is 12213321 (base 4) in base 12?
13849
What is -323430 (base 5) in base 13?
-50a0
2 (base 7) to base 11
2
-3566 (base 7) to base 14
-6a6
Convert 7727 (base 8) to base 7.
14552
Convert -8bc9 (base 13) to base 15.
-5c1a
2133313 (base 4) to base 10
10231
What is -421 (base 9) in base 5?
-2333
Convert -1111200200 (base 3) to base 14.
-ab4c
-11011101100000 (base 2) to base 6
-145344
-50211 (base 6) to base 7
-25060
What is -be2 (base 15) in base 3?
-10200112
Convert 774 (base 9) to base 11.
527
What is 301141 (base 6) in base 5?
1223410
What is 1424 (base 9) in base 2?
10000110011
23640 (base 7) to base 6
44253
Convert 100021210 (base 3) to base 14.
2679
100110100000 (base 2) to base 13
1177
-5520 (base 7) to base 9
-2633
-147d (base 15) to base 2
-1000100101001
-430420 (base 5) to base 8
-34225
Convert -10100 (base 2) to base 15.
-15
32233 (base 5) to base 7
6252
21540 (base 6) to base 12
18b0
What is 160e (base 16) in base 11?
4273
What is -1001010111001 (base 2) in base 11?
-3668
Convert 4260 (base 11) to base 13.
2743
Convert 13222 (base 4) to base 12.
34a
6243 (base 12) to base 6
121323
What is -1011011110011111 (base 2) in base 8?
-133637
37535 (base 9) to base 6
312435
2843 (base 12) to base 13
2175
What is -5155 (base 6) in base 4?
-101333
-37a (base 12) to base 3
-201111
Convert 6a4c (base 13) to base 16.
3a58
Convert -110111 (base 4) to base 7.
-3536
What is 34200 (base 5) in base 14?
c53
Convert -1469 (base 10) to base 12.
-a25
Convert 202000 (base 3) to base 16.
21c
What is 30556 (base 8) in base 7?
51615
-1af (base 16) to base 2
-110101111
Convert 1071a (base 11) to base 6.
155445
Convert -10313 (base 5) to base 13.
-426
What is -21051 (base 6) in base 11?
-2151
Convert 11110001111 (base 2) to base 11.
14aa
Convert 350445 (base 6)